+ 2))*l a prime number?
True
Let a(i) = -19 + 6*i - 3 - 13*i - 35 + 28*i**2 + 0*i. Is a(16) prime?
False
Let i(n) = 2*n**3 - 20*n**2 + 186*n - 115. Is i(43) composite?
False
Let b(k) = 216*k + 44. Let s be b(6). Let u = 219 + s. Is u a prime number?
True
Let f(b) = -8*b**3 - 21*b**2 - 20*b + 11. Suppose 2*w + 3*y = -2*y - 28, -4*w + 2*y - 32 = 0. Is f(w) a composite number?
True
Let a(n) be the first derivative of 41*n**4/3 - 5*n**3/6 + 7*n**2/2 - 9*n - 4. Let p(k) be the first derivative of a(k). Is p(2) a composite number?
False
Let c = 84540 + 50339. Is c composite?
True
Let o = 19 + -28. Let q(w) = -3*w**3 + 3*w**2 + 17. Is q(o) prime?
True
Let t = 1523 - 1948. Suppose 15 = -5*q, -3*f + 4*q = 12 + 108. Let k = f - t. Is k a prime number?
False
Suppose 0 = -2*w - 2, -13*o - 14*o = -5*w - 2081516. Is o prime?
True
Let a(h) = -277*h**2 + 13*h - 133. Let b(r) = -281*r**2 + 12*r - 133. Let u(q) = -7*a(q) + 6*b(q). Is u(6) a composite number?
False
Let o be 4376/(-6) + (-2)/(-6). Let b = o + 1606. Is b prime?
True
Let h(z) = 5686*z + 1367. Is h(2) a composite number?
False
Suppose 2*y - 12539 = -3*j, y = -3*y + j + 25113. Suppose -3*g - y + 35344 = 0. Is g composite?
False
Let o(b) = -2*b**2 - 410*b + 5505. Let k be o(14). Suppose s - 3*t - 961 = 0, -s + 2935 = 2*s + 4*t. Let j = s + k. Is j composite?
True
Let k be 4/6*(-3)/(-2) - -10. Let p = k - 11. Suppose -2*z = -5*o - 2215, p = 2*z - 5*z - 4*o + 3357. Is z a composite number?
True
Let h(y) = y - 7. Let b be h(10). Suppose l = b*l + 5558. Let a = -848 - l. Is a a prime number?
True
Suppose 0*c + 3*m - 8 = -c, 15 = 5*m. Let h be 9/(-12) - c - (-755)/20. Let t = h + 15. Is t a composite number?
False
Suppose -17*i = -i - 4533104. Is i a prime number?
False
Let c(r) = r**2 + 12*r - 11. Let y be c(-13). Is 0 + 4830 - (y - 12/2) composite?
True
Suppose y - 47599 = -3*g, 4*g = 168*y - 165*y - 142849. Is y prime?
False
Let u = -23 - -27. Suppose 5*n - 24 = -4*b - u, -n = b - 4. Is n/32 + 7159/8 a composite number?
True
Let k = 154068 - -84197. Is k composite?
True
Let z be ((-9)/(-4))/(30/160) + -2. Suppose 4*t - 6*t + z = 0. Suppose -9*u = -t*u - 836. Is u prime?
False
Suppose 0 = -6*q + 21539 + 162127. Suppose 5*f - q = -3*c, -3*f + 4*c + 10532 + 7823 = 0. Is f prime?
True
Let q be (18/6)/(9/12). Suppose d - 3503 = -q*k + 3060, -3*d = -4*k - 19689. Is d a composite number?
False
Let h = -521 + 521. Let l(v) = 45*v + 5078. Is l(h) a prime number?
False
Let k be 2 + 32/(-20) + (-161409)/(-15). Suppose 2*s - s = -5*w + k, w - 2149 = -s. Is w a prime number?
True
Let p = -87988 - -47632. Let q = p - -60995. Is q composite?
False
Suppose f = 5*c - 0 + 20, -5*f + 3*c + 12 = 0. Is (-174936)/(-18) + (f - 2/(-6)) a composite number?
False
Let m = 15 - 15. Suppose m = -w + 3*n + 1490, -5*w - 4*n - 3320 = -10732. Let z = 2391 - w. Is z prime?
True
Let v = -47 + 66. Let j be (-16 + v)*(-10)/(-6). Is ((-50)/5)/j + 60 composite?
True
Let r = 44 + 40. Suppose 2968 = 3*d + h, d - 906 - r = -h. Is d prime?
False
Suppose 2*i - 2*a + 136 = 0, 29*i - 32*i + 4*a = 200. Is 2/4*i/12 - -24032 prime?
True
Suppose -m - 5*j = -31489, 2*m - 4*j - 29555 - 33367 = 0. Is m composite?
False
Let i be 2 - (-96)/(-6)*-1945. Suppose 0 = 23*l + i - 97661. Is l a prime number?
False
Suppose -42*m = -46*m + 70*m - 23690766. Is m a composite number?
False
Suppose 0*h - 3030733 = -26*h - 638811. Is h composite?
False
Suppose -5*w = 5*y - 3660, 1 - 7 = -2*y. Suppose -2*u - 1266 = -5*u. Let r = w - u. Is r a composite number?
False
Let d be (-7)/(84/32)*(-15)/2. Let c be 45/(-6)*d/(-25). Suppose 3*l - 5509 = f, c*l + 5*f = 3*l + 5485. Is l a prime number?
False
Suppose -117035 - 81835 = -22*c + 42932. Is c a prime number?
False
Let o = -142 + 75. Let v = 39 + o. Is (-12)/v + 2956/28 a prime number?
False
Is (-261246)/(-8) - 506/184 a composite number?
False
Suppose -2*a + 4*a = -3*o + 9, 12 = -2*a + 4*o. Suppose j - 1818 = -5*x, -5*j + 23*x - 19*x + 8945 = a. Is j composite?
True
Is 12/(924/82945975) + (-30)/(-55) a composite number?
False
Is (-4)/(-24) + (-3)/((-108)/8738886) composite?
False
Let d(h) = 1196*h + 49. Suppose 0 = 3*g - 5*i + 1, 0 = -4*g + i - 4*i + 18. Is d(g) a prime number?
True
Suppose -9*a + 3*a - 168 = 0. Let s be -116*2 - 7/(a/(-8)). Let w = 821 + s. Is w composite?
False
Let k be 4/8 - (-22)/(-4). Let j = -1429 - -2445. Is (-4)/20 - j/k a prime number?
False
Suppose -9*c - 1432 = -784. Suppose -189601 = 3*q - 1060. Is 4 + q/c + (-1)/(-8) prime?
True
Is (-54940)/(-3)*(-207)/(-23) - 1 composite?
True
Let f(o) = 357*o**2 - 3*o - 19. Let m be f(-3). Let i(h) = 5448*h - 2. Let a be i(1). Let d = a - m. Is d a prime number?
True
Let m(c) = -215*c - 29. Let d be m(-10). Let r = 4140 - d. Is r a prime number?
False
Let f(d) = -d**3 + 11*d**2 - 5*d + 8. Let l be (27 + 1)/(1 + -2). Let w be (l/(-6))/((-24)/(-36)). Is f(w) a composite number?
True
Let g be 6 + (3 - (-2 - -6)). Is ((-85)/(-15) - g)/(14/320145) composite?
True
Suppose 92*v = -79*v + 248118777. Is v a prime number?
False
Let c be (36 - 2) + (-21 - -26). Is 37 - c - (-6914 - -1) a composite number?
False
Suppose 310 = -2*s + 7*s. Suppose 2 = -3*b + 8. Suppose w - 3*u = s, 3*w = b*u + 22 + 157. Is w prime?
True
Suppose -609320 = -673*z + 665*z. Is z composite?
True
Let a = 1395 + -551. Suppose -40 = -4*z + a. Is z a composite number?
True
Let j be (1 - 3)*(-5)/10. Let n be 0 - 4 - -3 - -2*j. Is n*6/(-3) - -5079 a composite number?
False
Is (95388/48)/(7/(-4) - -2) a composite number?
False
Let h be 9/(-1 + (-8)/(-6)). Suppose 5*w = -3*i, 2*w + h - 8 = -5*i. Suppose 5*m + 2*s = 9245, 0 = 4*m - 0*m + w*s - 7403. Is m prime?
True
Suppose 0 = t + 2*p - 479, 0*t + 479 = t + 4*p. Suppose -4*l = k - 3345, -l + 3*k + t = -354. Suppose 0 = -4*o + 2*m + 239 + 1457, -2*o - 2*m = -l. Is o prime?
False
Let g(n) = 14*n**3 - 22*n**2 - 15*n + 4. Let k be g(12). Suppose 2*m - k = -1314. Is m a prime number?
True
Suppose 10*d = -5*u + 2*d + 94181, u = -4*d + 18841. Is u a prime number?
False
Let p(d) = 3*d**2 + 123*d + 2. Let g be p(-41). Let b(j) = 266*j + 15. Is b(g) a prime number?
True
Let x(k) be the second derivative of -k**5/4 - 7*k**4/12 - 7*k**3/6 - 8*k**2 - 4*k. Suppose -78*o = -15*o + 441. Is x(o) composite?
True
Let d(f) = -14*f + 32. Let v be d(-6). Let s(l) = v*l - 188*l + 630*l - 1. Is s(3) composite?
True
Let f be 8 + (-9 - -5) + -9 - -265. Suppose -38495 = -f*c + 255*c. Is c prime?
True
Let g(j) = 312*j**2 + 131*j + 97. Is g(-13) a prime number?
False
Suppose 4*u - 147 = 921. Suppose -5*s - 355 = -2*i, -2*i = -s - 100 - u. Is i a composite number?
True
Let u = -5237 + 7628. Is u a prime number?
False
Let v = 2 - -3. Is (v/(15/(-2)))/(17/(-24837)) a composite number?
True
Let i = 1 + -3. Let n be (8/20)/(i*2/(-460)). Suppose -51*u = -n*u - 2705. Is u a composite number?
False
Let n(k) be the second derivative of 3*k**5/5 - k**4/4 + 13*k**3/6 - 11*k**2/2 - k. Is n(6) prime?
True
Let p(u) = -6*u - 17. Let s(v) = -5*v - 18. Let x(m) = 4*p(m) - 3*s(m). Let n(o) = -o**3 - 21*o**2 - 65*o + 4. Let b be n(-4). Is x(b) a composite number?
True
Let z be 678 + (-1 - (-6 + 3)) + -2. Suppose z + 300 = o. Suppose -2*d - 53 - o = -a, 0 = -a + 3*d + 1031. Is a prime?
True
Suppose -98*k + 16004 = -99*k. Let z = -3513 - k. Is z a prime number?
True
Let p = -25 + 31. Suppose 5*g + p = 4*g. Let j(u) = -55*u - 13. Is j(g) prime?
True
Let h = 832577 - 559550. Is h a prime number?
False
Suppose 2*g + 4*w = -8, -4 = -2*g + 3*g - 4*w. Is 831006/110 - g/10 composite?
True
Let j = 8 + -33. Let m = 30 + j. Suppose m*d + 184 - 4119 = 0. Is d a composite number?
False
Suppose -1123269 = 5908*l - 5929*l. Is l a composite number?
True
Let h(z) = 776*z**2 - 14*z + 31. Is h(-21) a composite number?
True
Suppose -20 = -2*f - 2*y - 2*y, 4*f - 3*y + 4 = 0. Is 12/4 + (f + 328 - -2) a composite number?
True
Let n be 1 + 1 - (95 + -93). Suppose -m - 6598 = -5*o, n = 8*o - 10*o - m + 2635. Is o a composite number?
False
Suppose 100329 = 44*r - 49*r - 2*o, -4*o - 80256 = 4*r. Let q = r + 34210. Is q a prime number?
True
Let l(g) = 6*g + 9. Let r be l(-1). Suppose -5*h = p + p - 2, r*h - 5 = -5*p. Suppose h = -5*y - 5*f + 9245, -2*y + f + 2575 = -1117. Is y a composite number?
False
Let r = -2080 - -159